 4*s + 48. Is 4 a factor of d?
True
Suppose 10 = -10*q + 8*q, 2*s - 290 = 2*q. Is 28 a factor of s?
True
Let h be 1117 - (-4)/(-1 + 5). Is 20 a factor of 6/42 + h/14?
True
Suppose 4*n = -1 + 9. Does 4 divide (n*2)/(7/7)?
True
Let m be 3*19*(-8)/(-6). Let u = -54 + m. Is 6 a factor of u?
False
Let d(z) = 2*z**2 - 19*z + 18. Is 13 a factor of d(12)?
True
Suppose -3*c + 584 = -v, -159 = -c - 2*v + 24. Suppose w = 4, 3*h - 6*w - c = -w. Is h a multiple of 14?
False
Suppose 2*k = -t - 18, t + 4 + 5 = k. Let r be 2 + -3 + (1 - -24). Let l = t + r. Is l a multiple of 6?
True
Suppose 0 = 2*r - 0*r. Suppose r = -5*j + 2 + 133. Does 9 divide j?
True
Is (19 + -1)*140/21 a multiple of 40?
True
Let k(d) = 2*d - 7. Let c be k(5). Let n be (-4)/c + (-2)/3. Let o(a) = a**2 - 2*a - 3. Is 5 a factor of o(n)?
True
Suppose -2*w - 40 = -6*w - 4*g, -2*w + 30 = 4*g. Suppose w*h - 16 + 1 = -m, 3*h + 3*m = 21. Suppose 15 + 9 = h*q. Is q a multiple of 12?
True
Let r(z) = z**3 - 6*z**2 + z - 3. Let i be r(6). Suppose 13 = -i*k - 32. Is 3*(-2)/k*55 a multiple of 11?
True
Suppose 3*l + 5*w - 200 = 0, -3*w - 296 = -5*l - 2*w. Is -2 - (-3)/(9/l) a multiple of 18?
True
Let k(l) be the third derivative of -1/2*l**3 - 2*l**2 + 2/3*l**4 + 0*l + 0. Is k(2) a multiple of 19?
False
Suppose -2*c = 2*n - 8, 5*c - 20 = -n - 0*c. Suppose -3*i - i + 52 = n. Is 13 a factor of i?
True
Let d(b) = 0*b + 2 + b**2 - 3*b + 9 - 4*b. Is d(6) a multiple of 2?
False
Let l = -9 + 15. Is 1070/40 - l/8 a multiple of 26?
True
Does 18 divide 988/12 - (-1)/(-3)?
False
Suppose 15 = f + 4*f + l, f = 5*l - 23. Let a = -22 + 54. Is f/6 - a/(-3) a multiple of 11?
True
Let j = -104 - -181. Let i = 39 - j. Let d = i + 68. Is d a multiple of 9?
False
Let d = -15 - -10. Let q = d + 7. Suppose -2*p = -q*t - 46, -p + 0*p + 28 = 4*t. Is p a multiple of 15?
False
Let a be 4 + -2 + 36 + 2. Let h = a + -21. Is 11 a factor of h?
False
Let p(i) = 8*i**2. Let o be p(-2). Let c = -8 + o. Is c a multiple of 6?
True
Suppose 3*c = 124 + 314. Let v = c + 39. Suppose -195 = -5*a + r - 2*r, v = 5*a + 3*r. Is a a multiple of 14?
False
Let q be (10/6)/((-3)/(-9)). Suppose -3*n = -5*y - 9, -y = 3*y + q*n + 22. Does 7 divide (-15)/2*(-5 - y)?
False
Suppose 285 = -6*x + 11*x. Does 19 divide x?
True
Suppose -7*u + 2*u = -10. Suppose 7*o = 3*o. Suppose u*b = -o*b + 22. Is 4 a factor of b?
False
Let o be (4 + -3)/(1/5). Suppose o*l = l + 44. Is 11 a factor of l?
True
Let v(u) = 5*u - 5. Let o be v(2). Let y(n) be the third derivative of -n**6/120 + n**5/12 + n**4/24 + 7*n**3/6 - n**2. Is 12 a factor of y(o)?
True
Suppose -23 = -2*v + 2*b + 1, 1 = -b. Is v a multiple of 3?
False
Let u(o) = 9 + 8*o - 6 + 0. Is u(3) a multiple of 9?
True
Let g be 73 + -1 + (-2)/1. Suppose -2*x + x - 12 = 2*h, 5*x + 5*h + g = 0. Is x/(-1 + 0/(-2)) a multiple of 9?
False
Suppose 3*t + 5 = 4*a, 0 = -2*a - 3*t + 7*t. Suppose -2*c - s + a = 0, -3*c - s + 0*s + 4 = 0. Suppose 26 = o - c. Is 12 a factor of o?
False
Let z(u) = u**2 + u - 11. Let k be z(12). Suppose 6*y = y + k. Does 16 divide y?
False
Let d(j) = -2*j + 9. Let b be d(0). Suppose b = 2*f - 133. Does 23 divide f?
False
Does 5 divide 0/3 - -2 - (7 + -20)?
True
Let a = -4 - 0. Let m(c) = 2*c**2 + 5*c + 3. Is m(a) a multiple of 9?
False
Suppose -2*q - 2*q - u + 525 = 0, -5*u = 5*q - 660. Is q a multiple of 26?
False
Suppose 0 = 4*g - 3*g - 11. Suppose 0 = 2*t - 0*t + 12. Let a = g + t. Is a even?
False
Suppose 0 = 2*t - 5*x - 64, 2*t - 6*t + 128 = -5*x. Is 16 a factor of t?
True
Let m = -74 - -128. Is m a multiple of 27?
True
Is ((-602)/2 - 0)*(-3 - -2) a multiple of 43?
True
Suppose 2*a + 210 = 8*a. Is a a multiple of 5?
True
Is -2*(3 + (-655)/10) a multiple of 23?
False
Let s = 93 + 69. Does 27 divide s?
True
Let v = 289 + -201. Does 15 divide v?
False
Suppose 4 = a + 3. Is 10 a factor of (-20)/((2 + a)/(-3))?
True
Is 5 a factor of (4 + 2)*(-4 + 1 + 4)?
False
Let u = 44 + 14. Suppose 3*b - u = b - 4*t, 0 = 4*b - t - 98. Is b a multiple of 14?
False
Suppose 5*h - 25 = 0, -h + 4*h + 77 = w. Suppose -84 = -2*k + k + 3*a, 0 = -k + 5*a + w. Does 14 divide k?
False
Suppose -x = -7 - 0. Suppose -5*n + 2*b - 1 = -3, -3*n + 26 = 5*b. Suppose k + 2*u - 4 = 0, 3*k - n*u = -x*u + 14. Does 8 divide k?
True
Let l = -14 - -23. Is l a multiple of 9?
True
Suppose 2*n = -0*n + f + 57, 3 = 3*f. Is n a multiple of 6?
False
Let y(b) = -b**2 - 6. Let d be y(5). Let n = d + 52. Does 7 divide n?
True
Let k(d) = 2*d**2 + 2*d - 5. Let f be k(4). Suppose 5*l - 4*z = z - f, l + 2*z - 2 = 0. Let y = l - -12. Does 5 divide y?
False
Let m = 8 + -3. Suppose m*u + 11 = -14. Is 14 a factor of u/15 + 43/3?
True
Suppose -8 = 4*u, -2*o + 54 = 3*u - 54. Is 8 a factor of o?
False
Suppose -5*b + 3 = -4*b. Suppose 4*v - 2*w - 4 = 4, b*w + 12 = 2*v. Suppose 4*s + 4*j - 124 = v, j - 98 - 45 = -5*s. Is s a multiple of 14?
True
Let l = -4 + 8. Let z be 6/(3 + 0) + l. Let h(x) = 5*x + 7. Is 14 a factor of h(z)?
False
Suppose -8*i = -5*i - 84. Is i a multiple of 8?
False
Suppose -111 = j + 35. Let o = 207 + j. Is o a multiple of 14?
False
Suppose -u + a = -15 - 52, -3*a - 137 = -2*u. Does 14 divide u?
False
Let s(v) = 8*v - 3. Is 31 a factor of s(12)?
True
Suppose 4*n - 4*a - 308 = 0, 0*n - 2*n - 4*a = -124. Is 12 a factor of n?
True
Let q = -26 - -93. Is q a multiple of 13?
False
Does 8 divide -1 + -1 + 1 + (107 - -6)?
True
Let c be -5 + (-1 - -3) + 0. Let k(j) = -j - 2. Let w be k(c). Is 12 a factor of (-111)/(-4) + w/4?
False
Suppose 5*u + 2*z - 6*z = -105, 0 = -z. Is (-68)/(-6) + 7/u even?
False
Let k be 1/2*(-1 - -1). Is k/(1 + 2) - -2 a multiple of 2?
True
Suppose -3*s = -17 - 46. Let p = s - 0. Is 9 a factor of p?
False
Let n(t) = t + 18. Is 16 a factor of n(0)?
False
Suppose -2*n + 5*p + 91 = -0*n, -205 = -5*n + 5*p. Let f = n + -18. Is f a multiple of 10?
True
Let n be (6/5)/(3/(-15)). Let d be 16*61*(-3)/n. Is 4/18 - d/(-72) a multiple of 7?
True
Let v(p) = -8*p - 1. Suppose 2*u + 0 = -4. Let a be v(u). Is 12 a factor of (12/5)/(3/a)?
True
Suppose 0 = -a + 8 + 32. Let f be (-5)/((-10)/84) - 1. Suppose 4*c - a = -u + 6*c, 0 = u - 3*c - f. Is 13 a factor of u?
False
Let y = -76 - -136. Does 27 divide y?
False
Let b = 54 + -4. Is b a multiple of 25?
True
Let i(h) = 2*h**3 - 6*h**2 + 9*h. Is i(3) a multiple of 7?
False
Let a = 2 + -7. Let j = 7 + a. Suppose j*h - 32 = -0*h. Is h a multiple of 6?
False
Suppose 6 = -3*l + 6*l, -6 = -2*x + 3*l. Let q(f) = -4 + 2*f**2 + 2*f + 2*f**2 - 3*f**2. Is 13 a factor of q(x)?
False
Let m(a) = a**2 + 14*a - 13. Let j be m(-12). Let h = j + 61. Is h a multiple of 12?
True
Is 18 a factor of (-4)/(-18) + (-3876)/(-54)?
True
Let k = 8 - 6. Does 7 divide 26/k*(1 - 0)?
False
Suppose 2*z - 1 = -3*m + 6*z, -m + z - 1 = 0. Let r = 8 + m. Suppose 0*p + 2*s = r*p - 14, -4*s = -5*p + 22. Does 3 divide p?
True
Let w = 8 + -12. Is (w + 0)/(12/(-18)) even?
True
Let h be 8/(-20) + (-73)/5. Let d(b) = -b**2 + 13*b + 6. Let s be d(6). Let j = h + s. Does 12 divide j?
False
Let z be (9/(-6))/((-2)/12). Suppose -r + z = -12. Suppose -i = -r - 35. Is 28 a factor of i?
True
Let s(r) = 12*r + 22. Is s(9) a multiple of 13?
True
Let z = 34 - 4. Is 5 a factor of z?
True
Let u = -84 + 125. Is u a multiple of 7?
False
Suppose 3*w - 65 - 31 = 0. Does 16 divide w?
True
Suppose -2*y = 2*l - 34, 3*l + 5*y - 43 = 6. Let a(o) = -2*o + 2. Let w be a(2). Does 7 divide l*w/(-4)*1?
False
Let p(l) = l**3 - 8*l**2 - 2*l + 8. Let t be p(8). Let k = 26 + t. Does 14 divide (7 - 7) + (k - 1)?
False
Let m = 14 - 8. Let p(z) = 9*z + 13. Let b be p(13). Suppose -d = -m*d + b. Is d a multiple of 10?
False
Suppose 0 = 4*c - 3*c - 13. Let t = 32 - c. Is 19 a factor of t?
True
Let y = 1 + 6. Is y a multiple of 7?
True
Suppose -4*g + 5*g = 2. Suppose -g*f + 79 = -2*i - 13, -2 = i. Does 16 divide f?
False
Let m = -83 - -109. Is 26 a factor of m?
True
Let r be (-1)/(3/18) - -1. Let f(j) = -j**3 - 6*j**2 - 6*j + 6. Let x be f(r). Suppose 5*g - 14 = x. Is g a multiple of 2?
False
Let l = 39 + -7. Let x = l - 8. Is x a multiple of 6?
True
Let k = -114 + 77. Let u be ((-18)/8)/(6/24). Let t = u - k. Is 14 a factor of t?
True
Let i(w) be the second derivative of -11*w**3/3 - 3*w**2/2 + 4*w. Is 20 a factor of i(-2)?
False
Suppose -b = -3*b + 74. Suppose 4*f 